
True
Let y = -526 + 526. Suppose 29*t + 0*t - 647831 = y. Is t a composite number?
True
Suppose -5*h + t - 50 = 0, 2*h + 4 = -3*t + 1. Is (-51631)/(-9) + (20/h)/(-10) composite?
False
Suppose -15*q = -14*q - 4. Suppose q*b - 5*t - 4872 = 0, -t + 654 = 5*b - 5465. Is b a prime number?
True
Let c(q) = -23*q + 45*q + 26 - 15*q + 26*q**2. Is c(-5) composite?
False
Let b = -51 - -55. Suppose 2*d + 4*z + 1998 = 3*d, 0 = -3*d + b*z + 6010. Let u = d - 75. Is u a prime number?
True
Let d be 0 - ((-4 - 2) + -4). Let q(h) = 9*h**3 - 11 - 22*h**3 + 17*h**2 + 4*h + d*h**3. Is q(-10) a prime number?
True
Let h be (6 - 4)*((-6563)/2)/1. Let n = h + 4156. Let m = -1656 - n. Is m a composite number?
False
Let v(i) = 2010*i**2 + 109*i - 419. Is v(4) a composite number?
True
Let p(y) be the first derivative of 173*y**3/3 + 19*y**2/2 - y - 208. Is p(-3) composite?
False
Let y be (-15)/25 + (-78090)/(-25). Suppose 878 = c - y. Is c a composite number?
False
Suppose -4*t + 21*t = 170. Suppose 5*z - 2585 = t*z. Let h = -64 - z. Is h composite?
True
Let l(h) = -2*h + 241. Let g be l(0). Suppose 3*t + 3*u = -822, -5*u = -2*t + 62 - 582. Let p = g - t. Is p a composite number?
True
Let m(c) = -3861*c**3 - 2*c**2 - 4*c - 2. Let u be m(-1). Is (u - -1)*(4 + (-7)/2) a composite number?
False
Let l(g) be the third derivative of 3/20*g**5 + 22*g**2 + 0*g - 5/3*g**3 + 0 + 0*g**4. Is l(-9) a composite number?
False
Suppose 5*u - 13*l = -12*l + 22560, 5*l = -5*u + 22530. Is u prime?
False
Suppose 79*l - 8782 = 77*l. Is l composite?
False
Let q(z) = -10*z - 25. Let a(l) = 10*l + 24. Let v(i) = -4*a(i) - 5*q(i). Suppose 12 = 60*w - 57*w, j - 13 = w. Is v(j) a composite number?
False
Let c(b) be the second derivative of 283*b**4/6 - b**3 + 27*b**2/2 + 76*b. Is c(4) composite?
False
Is (-482144)/(-36) + (144/(-81))/(-16) prime?
False
Let g(m) = 42*m**3 + 8*m**2 + 6*m - 10. Let y(b) = 127*b**3 + 24*b**2 + 18*b - 31. Let v(k) = -8*g(k) + 3*y(k). Is v(6) composite?
True
Is 8115 + -1 + (-25)/(275/(-99)) prime?
True
Suppose -94*p - 22308 = -98*p + 2*c, -2*p - 4*c + 11194 = 0. Is p composite?
False
Let n = 56328 - 21793. Is ((-728)/(-260))/(2/n) prime?
False
Let d(a) = a**2 + 10*a - 4. Let n be d(-11). Let q = n - 9. Is q/4*1*-2818 a prime number?
True
Let o(v) be the third derivative of v**5/20 + 11*v**4/12 + 2*v**3/3 - 295*v**2. Is o(9) a composite number?
True
Let w = 540539 + -282756. Is w a composite number?
False
Suppose -538429 = 2*b + 5*k - 2565793, 2*k = 4*b - 4054752. Is b composite?
False
Suppose -w - 4*v + 3205 = v, -2*v - 12930 = -4*w. Let t = w + -909. Is t prime?
False
Suppose 17*c = 21*c - 20. Suppose z = 2, 0*z = -c*o - z + 17. Suppose 0 = 4*x + 2*v - 3*v - 3570, 3578 = 4*x + o*v. Is x a prime number?
False
Let w(v) = 2766*v**3 + 2*v**2 - 291*v + 1745. Is w(6) composite?
True
Suppose 4*z = -4*a + 203040, -231595 - 22193 = -5*z + 7*a. Is z a composite number?
True
Suppose 4*t = 9*t - 26245. Suppose -4863 = -5*b + d, -5*b + 2*d + t = 388. Is b composite?
True
Suppose -8*u + 4*h = -46464, -33*h + 38*h - 11604 = -2*u. Is u a prime number?
True
Suppose w - 5 = -1. Suppose r - 5 = -w*r + 5*u, 0 = -5*r - 2*u + 26. Suppose 56 = -0*x + r*x. Is x a composite number?
True
Suppose 4*m = -5*p - 0*m + 3135671, -6 = m. Is p composite?
False
Let g(l) = -9*l + 48. Let f be g(4). Let x be (-1)/(-2) + -2*(-27)/f. Suppose -5*q + 3740 = -3*b, x*b - 725 = -q + b. Is q a composite number?
True
Is ((-31169205)/(-20))/27 + -3*2/(-24) prime?
False
Let o(d) = d**3 + 9*d**2 - 10*d. Let a be o(-10). Suppose 0 + a = -b. Suppose b = -3*j + j + 284. Is j prime?
False
Let u(q) = 3*q - 6. Suppose -v - 15 + 2 = 5*l, -36 = -4*v + 2*l. Let t be u(v). Suppose 14*z + 149 = t*z. Is z a composite number?
False
Let d = 18 + -51. Let r = d + 36. Suppose w = r*w - 1010. Is w a prime number?
False
Is 41/1476*-27 + 138630/8 + -2 a composite number?
True
Let v(n) = n**2 + n - 18. Let u be v(4). Let i be u/((-4)/(-5)) + 1/2. Suppose -4*x - i*k + 24737 = 0, 7 - 2 = -5*k. Is x composite?
True
Suppose -3*l = -5*b - 6987 + 1864, l = 4*b + 1703. Let w = -858 + l. Is w prime?
True
Let k(z) = z**3 - 29*z**2 - 25*z + 150. Let u be k(36). Let v = -59 + u. Is v prime?
True
Let c be (11/(-2) + 1)*(-168)/(-126). Is 22*(875/14 - c) prime?
False
Suppose -138*t = -67734902 + 11891684. Is t a prime number?
False
Let u = 81 - 2422. Let a = 4394 + u. Is a composite?
False
Let y(k) be the first derivative of 4*k**3/3 - k**2/2 - 23*k + 40. Is y(12) composite?
False
Let n(o) be the second derivative of -o**4/12 - 13*o**3/6 - 19*o**2/2 - 14*o. Let s be n(-11). Suppose s*r - 3857 = -4*r. Is r a prime number?
False
Is (4 - 52038)/(8/(-60)*3) composite?
True
Let a(t) = 2936*t**3 + 28*t**2 - 5*t + 10. Is a(3) a composite number?
True
Let p = 337 + -355. Is -1*62654/p - (-182)/819 composite?
True
Let a(z) = -z**3 - 2*z - 6. Let p be a(0). Let i(j) = -8*j**3 - j**2 + 9*j + 11. Let y be i(p). Let q = y - 862. Is q composite?
False
Let d(o) = o**2 - 9*o - 32. Let i be d(12). Suppose -5870 = -i*m - m. Is m/(2/8 + 7/4) a composite number?
False
Suppose 0*f + 27195 = -4*g + 3*f, 4*f = -2*g - 13570. Let b = -8729 - -8723. Is (-1)/((-5)/g)*2/b prime?
False
Suppose 0 = -8*x + 6*x + 6. Let g = x + -2. Let t(l) = 92*l - 3. Is t(g) a composite number?
False
Suppose -2635 = 11*u - 27066. Is u a composite number?
False
Suppose 0 = -6*z + 5*z - 1659. Let p = -1160 - z. Is p composite?
False
Is (1/(4/245326))/(136/272) composite?
False
Let d be ((-336)/(-36))/((-1)/306). Let a = d - -8423. Is a composite?
True
Let s = -607100 + 414620. Is s/(-22) + 36/(-396) prime?
False
Is (-41285192)/(-169) + 7/(-91) prime?
True
Let t be (-1 - 9/(-6))/(3/48). Let b be 5 - -10*(-4)/t. Suppose -7*u + 8*u - 1313 = b. Is u composite?
True
Let t(v) = -582*v - 37. Let l be t(-5). Let p = l + -1734. Is p prime?
False
Let c(d) = -102*d - 145. Let r be c(-29). Suppose 5*y = 2*z - r, z + 2*z - 4191 = -2*y. Is z a prime number?
True
Let r(d) = -6*d + 16. Let w be r(10). Let v = 45 + w. Is (2140/(-8))/(v/(-2)) a composite number?
True
Let v(p) = 554*p + 18. Let x be v(17). Suppose -116*m + 112*m = -x. Is m composite?
True
Let d be (234/(-15))/(12/(-30)). Is d/(-65) - 50432/(-20) a prime number?
True
Is (0 - -2) + (4 - 6/2) + 35264 composite?
False
Let x be 4*(-7 - (-4815)/10). Let j be -1*(-1 + 2 - -516). Let a = j + x. Is a prime?
True
Suppose -6*k + 1530070 + 190859 = 3*q, 0 = k - 4*q - 286781. Is k composite?
True
Suppose 2*d = -h, d + 1 = -0*d. Suppose -h*s + 257 = -223. Let g = 418 - s. Is g prime?
False
Let j(q) = -9*q + 8 + 13*q + q**2 - 5 - 293*q**3. Is j(-1) composite?
False
Suppose 5*k = -10 + 30. Suppose -25983 = -k*h + h. Is h a composite number?
True
Let f(d) = 22452*d - 353. Is f(4) a composite number?
True
Let t(i) = -6*i - 4. Let f be t(0). Let j be -2 + 5 + (f - (-524 - 2)). Suppose -a + j + 494 = 0. Is a composite?
False
Let r(v) = 2*v**3 - 18*v**2 + 17*v - 14. Let b = -87 - -95. Let k be r(b). Is ((-1042)/(-6))/(1/k*-2) a composite number?
False
Suppose -2*s + 1927538 - 218408 = -4*h, -6836550 = -8*s + h. Is s a prime number?
True
Suppose -3*r = -4*d - 6*r + 48, 2*d + r - 24 = 0. Is ((-279)/(-18) - d)*(-844)/(-2) composite?
True
Let b(g) = 660*g - 741. Is b(33) a prime number?
False
Let n be 1409733/(-26)*-2*(-1)/(-3). Is (n/(-6))/((-3)/6) a prime number?
True
Let y(o) = -o**3 + 7*o**2 - 4*o - 8. Let b be y(6). Let t = 28 + -10. Is (-75556)/(-36) + b/t prime?
True
Suppose 2*i - 12*i + d + 7503908 = 0, -i + d + 750389 = 0. Is i composite?
True
Suppose 2*l + 28220 = 4*x, -42*x - 84676 = -54*x + 2*l. Is x composite?
False
Is (726453 - -148) + (-1 - -3)*5 composite?
False
Let u = 22 + -10. Suppose 0 = -7*c + 4*c + u. Is (3 - 3) + c - -111 a prime number?
False
Let d(a) = -47*a**3 + 4*a**2 - 8*a - 10. Let x(m) = -141*m**3 + 11*m**2 - 22*m - 30. Let k(w) = 17*d(w) - 6*x(w). Is k(2) prime?
False
Let a(q) = 4*q - 23. Let s be a(5). Let k(x) = -81*x + 4. Let i(w) = -81*w + 3. Let p(h) = s*i(h) + 4*k(h). Is p(-12) composite?
True
Suppose -3*z + 21159 = 3*k, k + 7038 = z - 3*k. Suppose 13*b - 57451 = -z. Is b a composite number?
False
Let d be -2 - 0 - (-5 - -2 - -611). Let v = d + 2855. Is v a prime number?
False
Suppose 8*g - 7*g = 560. Let v = g - 67. Is v composite?
